9, 683, 2687
List the prime factors of 738247212.
2, 3, 97, 163, 1297
List the prime factors of 3482961999.
3, 11, 1303, 81001
List the prime factors of 63250022.
2, 11, 2875001
List the prime factors of 272894204.
2, 11, 563831
List the prime factors of 1171930211.
1171930211
What are the prime factors of 36679739?
5081, 7219
List the prime factors of 2141150054.
2, 197, 2137, 2543
What are the prime factors of 4373821922?
2, 181, 12082381
What are the prime factors of 8724618715?
5, 271, 6438833
What are the prime factors of 131071602?
2, 3, 997, 21911
What are the prime factors of 209908499?
43, 229, 21317
What are the prime factors of 82368806?
2, 13, 3168031
What are the prime factors of 3263960716?
2, 815990179
What are the prime factors of 252212214?
2, 3, 42035369
What are the prime factors of 1859529701?
239, 7780459
What are the prime factors of 242561099?
11, 22051009
What are the prime factors of 47059275?
3, 5, 389, 1613
List the prime factors of 1198057375.
5, 103, 93053
What are the prime factors of 1656198161?
34949, 47389
List the prime factors of 51532823.
37, 1392779
List the prime factors of 2285599800.
2, 3, 5, 11, 346303
What are the prime factors of 14583620?
2, 5, 17, 59, 727
What are the prime factors of 4495437346?
2, 23041, 97553
What are the prime factors of 388533486?
2, 3, 11, 5886871
List the prime factors of 2618032801.
31, 1607, 52553
What are the prime factors of 4682406?
2, 3, 780401
What are the prime factors of 666831426?
2, 3, 17, 6537563
What are the prime factors of 291343169?
13, 19, 1179527
List the prime factors of 956954723.
43, 22254761
What are the prime factors of 30619026?
2, 3, 23, 89, 277
What are the prime factors of 3757046?
2, 89, 21107
What are the prime factors of 161511252?
2, 3, 7, 274679
List the prime factors of 50434021.
11, 73, 181, 347
List the prime factors of 693411035.
5, 7717, 17971
List the prime factors of 258140366.
2, 11, 11733653
List the prime factors of 3460023496.
2, 9769, 44273
What are the prime factors of 421855527?
3, 17, 167, 49531
What are the prime factors of 61400307?
3, 163, 307, 409
What are the prime factors of 282366880?
2, 5, 467, 3779
List the prime factors of 2589625114.
2, 31, 41768147
List the prime factors of 1842541.
47, 197, 199
List the prime factors of 869004563.
7, 137, 18493
What are the prime factors of 301317985?
5, 31, 43, 53, 853
List the prime factors of 152040692.
2, 151, 211, 1193
List the prime factors of 34633684.
2, 41, 223, 947
List the prime factors of 9346186329.
3, 227, 1987, 6907
What are the prime factors of 117041165?
5, 23408233
What are the prime factors of 1120111674?
2, 3, 11, 17, 19, 52543
What are the prime factors of 259885029?
3, 59, 1468277
What are the prime factors of 1920728849?
13, 71, 2080963
List the prime factors of 23057204.
2, 29, 198769
List the prime factors of 518979190.
2, 5, 4219, 12301
List the prime factors of 342458001.
3, 769, 49481
List the prime factors of 58214038.
2, 829, 35111
What are the prime factors of 5781995833?
53, 2213, 49297
What are the prime factors of 197512202?
2, 71, 1390931
What are the prime factors of 869801564?
2, 217450391
What are the prime factors of 98293794?
2, 3, 883, 18553
What are the prime factors of 29892309?
3, 1091, 9133
List the prime factors of 130174287.
3, 17, 43, 59359
What are the prime factors of 524647226?
2, 262323613
What are the prime factors of 37514746?
2, 89, 419, 503
What are the prime factors of 143585152?
2, 331, 3389
What are the prime factors of 1087046306?
2, 1217, 446609
What are the prime factors of 1651073054?
2, 229, 3604963
What are the prime factors of 2018034708?
2, 3, 17, 241, 41047
List the prime factors of 28513083.
3, 9504361
What are the prime factors of 101866418?
2, 1201, 42409
List the prime factors of 117645405.
3, 5, 7843027
List the prime factors of 5591813013.
3, 4357, 142601
What are the prime factors of 2951767854?
2, 3, 7, 2473, 9473
What are the prime factors of 320284606?
2, 160142303
What are the prime factors of 243217220?
2, 5, 131, 92831
List the prime factors of 3998299457.
89, 44924713
List the prime factors of 34777941.
3, 11, 149, 643
List the prime factors of 1085931713.
11437, 94949
List the prime factors of 572628985.
5, 114525797
What are the prime factors of 154100915?
5, 30820183
What are the prime factors of 17656844?
2, 37, 53, 2251
What are the prime factors of 128440558?
2, 64220279
What are the prime factors of 625965976?
2, 17, 23, 200117
What are the prime factors of 5167391413?
5167391413
What are the prime factors of 60737741?
233, 260677
List the prime factors of 47485967.
47485967
What are the prime factors of 3570723?
3, 13, 3391
List the prime factors of 81307436.
2, 7, 2903837
What are the prime factors of 14074059?
3, 4691353
List the prime factors of 75465106.
2, 37732553
List the prime factors of 4796893233.
3, 11, 48453467
What are the prime factors of 9694406?
2, 79, 61357
List the prime factors of 1130965824.
2, 3, 5890447
What are the prime factors of 54196371?
3, 669091
List the prime factors of 4333609416.
2, 3, 2383, 75773
What are the prime factors of 104182045?
5, 11, 113, 16763
List the prime factors of 380860289.
23, 1601, 10343
List the prime factors of 339357194.
2, 11, 15425327
What are the prime factors of 2031894642?
2, 3, 197, 293, 5867
What are the prime factors of 85264454?
2, 11, 1571, 2467
What are the prime factors of 134574535?
5, 271, 99317
List the prime factors of 319190904.
2, 3, 41, 108127
List the prime factors of 2968135229.
547, 5426207
List the prime factors of 285953396.
2, 17, 601, 6997
List the prime factors of 80750766.
2, 3, 13458461
What are the prime factors of 59157320?
2, 5, 1478933
List the prime factors of 231707569.
17, 13629857
List the prime factors of 23923654.
2, 733, 16319
What are the prime factors of 42983076?
2, 3, 3581923
What are the prime factors of 375861899?
7, 2017, 3803
What are the prime factors of 339232069?
11, 467, 66037
What are the prime factors of 1115615887?
1013, 1101299
List the prime factors of 210680148.
2, 3, 7, 2508097
What are the prime factors of 21100776?
2, 3, 879199
List the prime factors of 35293355.
5, 19, 371509
What are the prime factors of 7833008?
2, 79, 6197
What are the prime factors of 603428913?
3, 467, 47857
List the prime factors of 3289351510.
2, 5, 328935151
What are the prime factors of 21021874?
2, 10510937
What are the prime factors of 40530532?
2, 7, 433, 3343
List the prime factors of 96897440.
2, 5, 605609
What are the prime factors of 54626170?
2, 5, 5462617
List the prime factors of 5159535789.
3, 23, 197, 379573
What are the prime factors of 5531865?
3, 5, 368791
List the prime factors of 318977805.
3, 5, 4259, 4993
What are the prime factors of 54753258?
2, 3, 7, 199, 6551
List the prime factors of 1848506494.
2, 3037, 304331
What are the prime factors of 2380412518?
2, 11, 108200569
List the prime factors of 3022531627.
367, 8235781
What are the prime factors of 190321564?
2, 47580391
What are the prime factors of 89604264?
2, 3, 3733511
List the prime factors of 126527622.
2, 3, 13, 1622149
List the prime factors of 64920120.
2, 3, 5, 541001
What are the prime factors of 187635506?
2, 93817753
List the prime factors of 893865919.
893865919
What are the prime factors of 5955126?
2, 3, 992521
What are the prime factors of 259430901?
3, 67, 127, 10163
What are the prime factors of 691664472?
2, 3, 9606451
What are the prime factors of 56329785?
3, 5, 43, 677
What are the prime factors of 203699491?
17, 127, 94349
List the prime factors of 43866294.
2, 3, 1459, 5011
What are the prime factors of 818293201?
11, 6571, 11321
List the prime factors of 10270678.
2, 11, 19, 24571
What are the prime factors of 292759897?
292759897
What are the prime factors of 4289801486?
2, 149, 14395307
What are the prime factors of 280192390?
2, 5, 811, 34549
What are the prime factors of 662727234?
2, 3, 13, 8496503
What are the prime factors of 71308456?
2, 8913557
List the prime factors of 36368448.
2, 3, 307, 617
What are the prime factors of 35578564?
2, 7, 19, 66877
List the prime factors of 488409826.
2, 229, 523, 2039
List the prime factors of 107349608.
2, 349, 38449
List the prime factors of 149715880.
2